 18?
10
Calculate the remainder when 4045 is divided by 19.
17
Calculate the remainder when 414 is divided by 83.
82
Calculate the remainder when 175 is divided by 55.
10
What is the remainder when 381 is divided by 26?
17
What is the remainder when 217 is divided by 74?
69
What is the remainder when 5 is divided by 4?
1
Calculate the remainder when 235 is divided by 11.
4
Calculate the remainder when 367 is divided by 23.
22
Calculate the remainder when 2095 is divided by 2082.
13
Calculate the remainder when 1709 is divided by 18.
17
Calculate the remainder when 942 is divided by 53.
41
What is the remainder when 472 is divided by 98?
80
What is the remainder when 341 is divided by 10?
1
What is the remainder when 185 is divided by 60?
5
Calculate the remainder when 196 is divided by 26.
14
What is the remainder when 33 is divided by 9?
6
Calculate the remainder when 209 is divided by 10.
9
What is the remainder when 187 is divided by 33?
22
Calculate the remainder when 16 is divided by 10.
6
What is the remainder when 1926 is divided by 42?
36
Calculate the remainder when 5852 is divided by 5.
2
Calculate the remainder when 403 is divided by 34.
29
What is the remainder when 129 is divided by 44?
41
What is the remainder when 1612 is divided by 17?
14
What is the remainder when 898 is divided by 12?
10
Calculate the remainder when 209 is divided by 53.
50
Calculate the remainder when 39 is divided by 14.
11
What is the remainder when 198 is divided by 21?
9
Calculate the remainder when 54 is divided by 7.
5
What is the remainder when 222 is divided by 38?
32
Calculate the remainder when 1730 is divided by 102.
98
Calculate the remainder when 1608 is divided by 530.
18
Calculate the remainder when 802 is divided by 62.
58
What is the remainder when 969 is divided by 471?
27
Calculate the remainder when 518 is divided by 106.
94
Calculate the remainder when 96 is divided by 36.
24
What is the remainder when 918 is divided by 308?
302
Calculate the remainder when 375 is divided by 13.
11
What is the remainder when 36 is divided by 31?
5
What is the remainder when 170 is divided by 101?
69
Calculate the remainder when 3131 is divided by 27.
26
What is the remainder when 26063 is divided by 65?
63
Calculate the remainder when 180 is divided by 100.
80
What is the remainder when 41 is divided by 15?
11
Calculate the remainder when 152 is divided by 56.
40
Calculate the remainder when 51 is divided by 13.
12
What is the remainder when 165 is divided by 69?
27
What is the remainder when 353 is divided by 57?
11
Calculate the remainder when 366 is divided by 17.
9
What is the remainder when 425 is divided by 11?
7
What is the remainder when 226 is divided by 65?
31
Calculate the remainder when 244 is divided by 21.
13
Calculate the remainder when 1138 is divided by 15.
13
Calculate the remainder when 96 is divided by 49.
47
What is the remainder when 139 is divided by 18?
13
What is the remainder when 179 is divided by 176?
3
Calculate the remainder when 668 is divided by 22.
8
What is the remainder when 803 is divided by 6?
5
Calculate the remainder when 89 is divided by 9.
8
Calculate the remainder when 663 is divided by 135.
123
What is the remainder when 394 is divided by 11?
9
What is the remainder when 578 is divided by 98?
88
Calculate the remainder when 188 is divided by 33.
23
Calculate the remainder when 32 is divided by 21.
11
Calculate the remainder when 2104 is divided by 18.
16
Calculate the remainder when 305 is divided by 77.
74
Calculate the remainder when 1558 is divided by 104.
102
Calculate the remainder when 3586 is divided by 27.
22
What is the remainder when 845 is divided by 202?
37
Calculate the remainder when 249 is divided by 12.
9
Calculate the remainder when 8 is divided by 5.
3
Calculate the remainder when 936 is divided by 188.
184
Calculate the remainder when 170 is divided by 9.
8
What is the remainder when 172 is divided by 4?
0
What is the remainder when 950 is divided by 272?
134
Calculate the remainder when 4408 is divided by 9.
7
Calculate the remainder when 1318 is divided by 8.
6
What is the remainder when 1314 is divided by 7?
5
Calculate the remainder when 361 is divided by 11.
9
What is the remainder when 17440 is divided by 8720?
0
What is the remainder when 2544 is divided by 98?
94
Calculate the remainder when 79245 is divided by 127.
124
Calculate the remainder when 105 is divided by 50.
5
What is the remainder when 985 is divided by 19?
16
Calculate the remainder when 464 is divided by 440.
24
Calculate the remainder when 631 is divided by 220.
191
Calculate the remainder when 814 is divided by 20.
14
What is the remainder when 142 is divided by 54?
34
What is the remainder when 76 is divided by 43?
33
What is the remainder when 189 is divided by 26?
7
Calculate the remainder when 203 is divided by 51.
50
Calculate the remainder when 1957 is divided by 56.
53
What is the remainder when 88 is divided by 31?
26
Calculate the remainder when 114 is divided by 86.
28
What is the remainder when 722 is divided by 119?
8
What is the remainder when 374 is divided by 94?
92
What is the remainder when 891 is divided by 29?
21
Calculate the remainder when 708 is divided by 5.
3
What is the remainder when 268 is divided by 25?
18
Calculate the remainder when 127 is divided by 65.
62
Calculate the remainder when 212 is divided by 26.
4
Calculate the remainder when 543 is divided by 7.
4
Calculate the remainder when 1019 is divided by 3.
2
What is the remainder when 9787 is divided by 76?
59
Calculate the remainder when 3254 is divided by 22.
20
What is the remainder when 465 is divided by 18?
15
Calculate the remainder when 3274 is divided by 13.
11
Calculate the remainder when 647 is divided by 27.
26
Calculate the remainder when 478 is divided by 212.
54
Calculate the remainder when 36 is divided by 21.
15
What is the remainder when 237 is divided by 16?
13
What is the remainder when 2701 is divided by 13?
10
What is the remainder when 134 is divided by 6?
2
Calculate the remainder when 83 is divided by 25.
8
What is the remainder when 1543 is divided by 88?
47
Calculate the remainder when 292 is divided by 14.
12
Calculate the remainder when 1765 is divided by 57.
55
Calculate the remainder when 229 is divided by 23.
22
What is the remainder when 5209 is divided by 79?
74
Calculate the remainder when 5704 is divided by 85.
9
Calculate the remainder when 2518 is divided by 18.
16
Calculate the remainder when 26 is divided by 1.
0
Calculate the remainder when 390 is divided by 13.
0
Calculate the remainder when 587 is divided by 36.
11
What is the remainder when 156 is divided by 36?
12
Calculate the remainder when 167 is divided by 43.
38
What is the remainder when 114 is divided by 49?
16
Calculate the remainder when 1666 is divided by 533.
67
Calculate the remainder when 167 is divided by 47.
26
What is the remainder when 795 is divided by 133?
130
Calculate the remainder when 1466 is divided by 483.
17
Calculate the remainder when 192 is divided by 28.
24
Calculate the remainder when 357 is divided by 50.
7
Calculate the remainder when 309 is divided by 12.
9
Calculate the remainder when 15 is divided by 4.
3
Calculate the remainder when 5842 is divided by 1938.
28
Calculate the remainder when 149 is divided by 85.
64
Calculate the remainder when 132 is divided by 36.
24
What is the remainder when 433 is divided by 94?
57
What is the remainder when 335 is divided by 28?
27
What is the remainder when 63 is divided by 47?
16
Calculate the remainder when 669 is divided by 265.
139
What is the remainder when 1406 is divided by 401?
203
What is the remainder when 103 is divided by 21?
19
What is the remainder when 14487 is divided by 90?
87
Calculate the remainder when 47 is divided by 11.
3
Calculate the remainder when 342 is divided by 118.
106
What is the remainder when 30574 is divided by 52?
50
Calculate the remainder when 3697 is divided by 27.
25
Calculate the remainder when 47 is divided by 12.
11
Calculate the remainder when 805 is divided by 200.
5
Calculate the remainder when 129 is divided by 37.
18
What is the remainder when 209 is divided by 194?
15
Calculate the remainder when 809 is divided by 1